+ 7*j**2 + 31*j - 98. Let q be t(12). Let h = q + 449. Let m(l) = l + 3. What is m(h)?
6
Let f(m) be the third derivative of m**4/24 + 5*m**3/3 + 4*m**2. Let c be f(-8). Let j(i) = -1 + 8 - 2 - 8*i - 13 - i**c. Calculate j(-6).
4
Let o(i) = -i - 13. Let g(k) = -k**3 - 12*k**2 - 9*k + 16. Let x be -4*(9/4 - (-2)/4). Let a be g(x). Determine o(a).
-7
Let d(t) be the second derivative of t**3/2 - 9*t**2/2 - 41*t. Suppose -12*u + 198 = 150. What is d(u)?
3
Suppose -4*l = 63 - 43. Let f(p) = 2*p**2 - p + 1. Let g(j) = 11*j**2 + 3*j + 17. Let r(m) = l*f(m) + g(m). Give r(-9).
21
Let y(t) be the third derivative of -1/8*t**4 + 0 + 80*t**2 + 0*t + 1/6*t**3 - 1/15*t**5. Determine y(2).
-21
Let n(f) = -9*f + 56. Let v(p) = -18*p + 106. Let w(q) = 11*n(q) - 6*v(q). What is w(10)?
70
Let i(a) = 974*a**2 - 478*a**2 + 5 - 487*a**2 - a**3 - 7*a + 4. What is i(8)?
17
Let h(b) = b**3 + b**2 - 3*b - 4. Let s be -9 - -7 - -6 - (3 + 1). Suppose 4 - 43 = -5*f - 2*m, s = -4*f - 4*m + 24. Suppose -d = 2*d + f. What is h(d)?
-13
Let l = -1 - 2. Let i(g) = -8675*g**2 + 5*g + 8676*g**2 - 3*g - g**3. Let m(w) = -2*w**3 + 8*w**2 + 7*w - 1. Let b(y) = -4*i(y) + m(y). Give b(l).
-16
Let a(y) = 0*y**3 - 8*y - 139298*y**2 + 139307*y**2 + y**3 + 0*y**3 + 11. Give a(-10).
-9
Let p(j) = -j**3 + 4*j**2 + j - 4. Let c(x) = -9*x**2 + 316*x - 33. Let m be c(35). What is p(m)?
6
Let v(p) be the first derivative of -p**4/2 + 8*p**3/3 - 5*p**2/2 + 15*p - 109. What is v(4)?
-5
Let h be (-3)/(-2) + 19/38. Let m be h/((-50)/(-12) + -4). Let s(k) = -11 + m*k - 24*k + 11*k. Give s(-7).
-4
Let m(t) = -t - 4. Suppose i = -3 + 6. Suppose 0 = 2*l - i*p - 6, p + 0*p + 2 = l. Let v be 0/(-1) + l/(-6). Give m(v).
-4
Suppose -g + l - 6 = -2*g, 3*l - 12 = 0. Suppose 0 = 3*i - a + 32, 26 - g = -2*i + 2*a. Let n(j) = j**3 + 11*j**2 + 11*j + 2. Calculate n(i).
-8
Let q(g) = -g**2 - 9*g - 2. Let c be q(-9). Suppose 6*i - 711 = 321. Let x(u) = 3*u - 1 + 177*u**2 + u + 3 - i*u**2. Calculate x(c).
14
Let x be 30/6 - (-1 + 2). Let m(j) = 225 + j + 5*j**3 + 4*j**2 - 2*j**3 - x*j**3 - 224. Give m(4).
5
Let q be (-198)/(-11)*((-4)/6 - -1). Suppose -27 = -q*k - 9. Let p(d) = -2 - 3*d**2 - 8*d**3 + 3*d - d**3 + 8*d**k + 8*d**2. What is p(5)?
13
Let n(r) = 136 - 272 + 26*r + 147. Let v(q) = 11*q + 5. Let a(s) = -6*n(s) + 14*v(s). Determine a(5).
-6
Let v(t) = 131*t + 123*t - 378*t - 97 + 121*t. Determine v(-30).
-7
Let u be (6/(-4))/(2 + 245/(-124)). Let h = -54 - u. Let l(q) be the third derivative of -q**5/60 + 7*q**4/24 + 7*q**3/6 - 12*q**2. Give l(h).
-1
Let i(w) = -w**2 + 6*w - 8. Suppose 2*z = -z - 864. Let t = z - -294. What is i(t)?
-8
Let x(u) = u. Let t(s) = -19*s + 53. Let m(w) = -56*w + 160. Let o(g) = -6*m(g) + 17*t(g). Let y be o(5). What is x(y)?
6
Let y(z) = z**2 - 65*z + 45. Let d(r) = 8*r - 1. Let l(g) = -6*d(g) - y(g). Give l(9).
33
Let w(b) = b**3 - 2*b**3 - 4 + 0*b**3 + 6*b**2. Suppose -j = -94 - 34. Let a = -123 + j. Calculate w(a).
21
Let k(w) be the third derivative of -w**5/30 - w**4/6 - w**3/3 + w**2 - 6*w. Let b be k(-2). Let g(v) = -2*v**3 + 6*v**3 - 5*v**3 - v**2 + v. What is g(b)?
2
Suppose -a + 8 = -2*v, -4*v + 8 = 2*a + 24. Let w(o) = o - 6. Let k(q) = 2*q - 12. Let x(m) = 3*k(m) - 5*w(m). Give x(a).
-6
Let h(d) = 2*d + 5*d**2 - 3*d**2 - 3*d**2. Suppose -y = 2*f - 5, -22 + 20 = y - 5*f. Determine h(y).
-3
Let f(r) = r**3 - 8*r**2 + 9*r - 7. Let p = 46 - 67. Let j be 5/15 - 119/p. Calculate f(j).
-25
Let n(j) = 16*j**2 - 9*j + 2. Let h be n(1). Suppose -4*f - 3*x - 15 = 0, 0 = 4*f - 6*x + 3*x + h. Let p(l) = -l**3 - 3*l**2 + 3*l. Calculate p(f).
-9
Let k(h) be the third derivative of -h**6/120 - h**5/10 - h**4/24 - h**3/2 + h**2. Suppose 3*w - 4*o = -42, 0 = -2*w - 103*o + 101*o. Determine k(w).
3
Let g(d) = 2*d**3 - d**2 - 2*d - 1. Let n = -2769 + 2772. Calculate g(n).
38
Let d(v) = -23*v + 142. Let i = -1906 - -1912. Determine d(i).
4
Let u = -8 + 10. Let w = -533 + 535. Let t(k) = 40 - 5*k - k**3 + 4*k + w*k**3 - 39 + k**u. What is t(1)?
2
Let x be 20/(-24) + 418/12. Suppose x = n + 4*y, 4*n - 5*y - 34 = 3*n. Suppose -35*f = -n*f + 3. Let a(v) = -v**3 - v**2 + v - 4. What is a(f)?
11
Let y(p) = p**3 + 30*p**2 + 26*p - 32. Let s = 11423 - 11452. What is y(s)?
55
Let v(t) = 8*t - 203. Suppose 26*x + 7823 = 8473. Calculate v(x).
-3
Suppose 70 - 15 = 14*j - 127. Let w(g) = g**2 - 13*g + 12. Determine w(j).
12
Let t(f) = -f**2 - 13*f - 6. Suppose 2*o = 5*i + 93, 42 = -2*i - 3*o + 5*o. Let p be (-3)/((-3)/i) + -2 + 6. What is t(p)?
-6
Let a = 236 + -207. Let z = 19 - a. Let r(c) = 2*c + 6. Give r(z).
-14
Let t(u) be the third derivative of 1/120*u**6 + 0 + 4*u**2 - 1/6*u**4 + 18*u + 1/3*u**3 - 1/20*u**5. Suppose -3*x = 2*x, x = 3*i - 12. Determine t(i).
2
Let m(a) = 13*a + 15*a + 18*a + 19*a - 1 - 68*a. Give m(2).
-7
Let c(y) = -y**2 + 2*y - 3. Let d(s) = 18*s - 108. Let j be d(6). Suppose -2 + 4 = 2*p + 2*r, 5*p - 4*r - 23 = j. Calculate c(p).
-6
Suppose -2*l = -5*c - 26, 2*l - 22 = 5*c - c. Let m(u) be the third derivative of -u**4/8 + u**3/2 + 92*u**2 + 4*u. Determine m(l).
-6
Let c be (-6)/15*(1 + 4). Let f(y) = -5*y**2 - 324*y + 2 + 0*y**2 + 7*y**2 + 323*y. Calculate f(c).
12
Suppose -2*i + 0*i + 4*y + 124 = 0, 282 = 5*i + 4*y. Let w = -133 + i. Let k be (-2)/7 + (4 - w/(-7)). Let m(u) = -u**2 - 6*u + 3. What is m(k)?
-4
Suppose 159 = 5*z - 5*h - 21, 3*h = -4*z + 172. Let l(j) = 5*j**3 + z + 6*j**3 - 41. What is l(-1)?
-12
Let m(w) be the second derivative of -7*w**3/6 + w**2 + w. Let r be (8/18 - 133/(-855))*10. Let f be (-23)/(23/r) - -10. Give m(f).
-26
Suppose -106*l - 21 = 1675. Let h(v) = -v**2 - 15*v + 9. What is h(l)?
-7
Let l(a) = -3*a**2 - 227*a + 340*a + 0 - 91*a - 4. Calculate l(6).
20
Suppose -45*b - 12 = -49*b. Let o(k) = -5*k**2 - 6*k - 20. Let c(a) = -3*a**2 - 3*a - 9. Let d(s) = b*o(s) - 7*c(s). Determine d(-2).
21
Suppose 57 = 160*f + 329 + 48. Let q(m) = -2*m**3 - 4*m**2 - 10*m - 11. Give q(f).
9
Let h(q) = -7*q**3 + q**2 + 2*q. Suppose 0 = 4*u - 3*u + u + 4. What is h(u)?
56
Let w(l) = -l - 2. Let j(x) = -10*x - 6. Suppose 0*r = -n + 3*r + 13, 0 = -5*n - 4*r - 11. Let v(t) = n*j(t) - 5*w(t). Let p = -13 + 10. What is v(p)?
19
Let r(l) = -l. Let d(g) = 7*g - 13. Let i be d(1). Let v be 1*(-2)/i*3. Give r(v).
-1
Let d(b) = 8*b**3 - 4*b**2 - 3*b - 24. Let q(w) = 3*w**3 - 2*w**2 - w - 8. Let f(k) = 2*d(k) - 5*q(k). What is f(-4)?
-36
Let x(g) = -1. Let n(m) = -m - 10. Let r(d) = n(d) - 2*x(d). Let o = -42 - -47. Let q be (o/15)/((-2)/30). What is r(q)?
-3
Suppose t = -5 - 0. Let f(s) = -25*s + 23 - 29 + 4*s + 20*s. Determine f(t).
-1
Let v(n) = -8*n - 7. Suppose -9*t + 12*t + 5*l = 32, 0 = -11*l + 44. What is v(t)?
-39
Suppose 34 = 15*y + 4. Let z(u) = 57*u**y + u**3 - 8*u - 63*u**2 + 7 - 2 + 4. What is z(7)?
2
Suppose -7*s = -10*s + c + 51, 0 = -s + c + 13. Let j(y) = 2*y - 39. Determine j(s).
-1
Let h(g) = 4 + 2*g**2 + 7*g + 17 - 2*g**2 + 2*g**2 - 16. Let o(a) = -a**2 - 7*a - 4. Let j be o(-7). Calculate h(j).
9
Let p be (385/(-22) - -10)*2/(-3). Let x(a) be the second derivative of -a**4/12 + 4*a**3/3 + a**2 - 528*a. Determine x(p).
17
Suppose 4*b = 23 - 11, 4*b - 14 = -z. Let k(p) = -8*p - 2*p**z + 4 + 7 - 8*p - 17. What is k(-8)?
-6
Let k(r) = r + 10. Let z be 4210/20 - (-1)/(-2). Suppose -5*o = 2*o - z. Suppose -2*d = 4*q + d + 17, 0 = 5*q - 5*d + o. What is k(q)?
5
Let p = -5048 + 5040. Let k(i) = 3*i + 41. Determine k(p).
17
Let g(a) = 172 + 223 - 3*a - 384. Calculate g(-1).
14
Let f = 146 - 638. Let k = f - -486. Let u(d) = 3*d + 12. Calculate u(k).
-6
Let o(i) = -i**3 + 7*i**2 - 4*i - 5. Let m be o(6). Let t be 1/(m - 3 - 54/14). Let p(h) = t + 89*h**2 - 172*h**2 + 10*h + 84*h**2. Calculate p(-10).
7
Let i be 54/4*(2156/(-84) - -27). Let h(u) = 3*u + 17. What is h(i)?
71
Let h(f) be the second derivative of 11*f**3/3 - 73*f**2/2 + 53*f - 34. Give h(4).
15
Let j = -118 + 120. Suppose -5*v + 23 = o, o - v = j + 3. Let r(u) = u**3 - 8*u**2 - 3. Calculate r(o).
-3
Let u(s) be the third derivative of 1/4*s**4 - 2*s**2 + 0*s - 1/3*s**3 - 1/60*s**5 + 75. What is u(6)?
-2
Let b(a) = a**2 - 18*a + 4. Let v be ((396/(-30))/11)/((-12)/200). Calculate b(v).
44
Let c(y) = -y - 1. Let i(s) = -s**2 + 9*s - 12. Suppose 0 = 4*a - 3*k - 44, 0 = 2*a + 4*k - 5*k - 20. 